t v be i(4). Let j be 3 - 1/(v/75). Let o = -44 + j. What is the units digit of o?
4
Let r(c) be the first derivative of -c**4/4 + 4*c**3 - 13*c**2/2 + 8*c - 5. What is the tens digit of r(10)?
7
Suppose 2*t - 5 - 17 = 0. Let c = -11 + t. Suppose c*s - 4*s = -64. What is the units digit of s?
6
Let r = 1208 + -807. What is the tens digit of r?
0
Suppose 1890 = -200*z + 205*z. What is the tens digit of z?
7
Suppose 0 = -m + 4, -4*n = -3*m - 320 + 124. What is the units digit of (-4257)/(-21) - (n/14 - 4)?
3
Let v = 262 + 251. What is the hundreds digit of v?
5
Suppose 235 = -p + 6*p. Let y = p - 29. Suppose 3*r + 60 = 4*x, 0 = -3*x - 3*r + 6 + y. What is the tens digit of x?
1
Let m(k) = 2500*k**2 - 4*k - 3. Let h be m(-1). Suppose -14*p = -h + 247. What is the tens digit of p?
6
Suppose -15 - 15 = 2*h. Let j = -9 - h. Suppose j*u - 9*u = -78. What is the tens digit of u?
2
Let f(u) = -u**2 + 7*u + 3. Let w be f(7). What is the tens digit of (-197 - (0 - w))/(-2)?
9
Suppose -73 = -2*d + 59. Suppose 0 = -3*n - 3*w + 123, w = 2*n - w - d. Suppose -n = 3*m - 4*m. What is the tens digit of m?
3
Suppose -2*v = -617 + 131. Let b = v - 141. What is the hundreds digit of b?
1
Let v be 0 + -4 + (14/2 - -1). Let c(w) = 82*w - 8. What is the hundreds digit of c(v)?
3
Let c(z) = -z**3 - 14*z**2 - 23*z + 45. What is the units digit of c(-14)?
7
Let l = -20 - -21. What is the tens digit of 2 + 1 + 77 - l?
7
What is the units digit of (18 - -1589) + (3 - -6)?
6
Let k(t) = 2*t**2 - 3 - 3*t - t - t**2 - 4. Let b(r) = -r - 12. Let j be b(-8). What is the tens digit of k(j)?
2
Let k(c) = -744*c - 353. What is the thousands digit of k(-9)?
6
What is the hundreds digit of ((-8)/6 - -1)/(3/(-10323))?
1
Suppose -16*j - 2*s + 22447 = -11*j, 3*j - 13493 = 5*s. What is the hundreds digit of j?
4
Let y(s) = -s**3 - 6*s**2 - 3*s + 15. Let l be (4/3 + -1)/(5/(-105)). What is the tens digit of y(l)?
8
Let u(r) = r**2 - 9*r - 7. Let s be u(-4). What is the units digit of 3050/s - (-6)/27?
8
What is the hundreds digit of (-68)/(-34) - (191*8)/(-2)?
7
Let u = 22 - -3. Suppose 56 = 2*x - 30. Let k = x - u. What is the tens digit of k?
1
Let j(y) = -52*y - 211. What is the hundreds digit of j(-15)?
5
Suppose -2*i - x - 24 = 4*x, 4*x - 38 = i. Let t = -28 - i. What is the units digit of 272/20 - t/(-10)?
3
Suppose -10*k - 57040 = -56*k. What is the tens digit of k?
4
What is the units digit of (-1274)/4*1*(-12)/6?
7
Let i = 1125 - -951. What is the units digit of i?
6
Let t = 3 - -18. Suppose 3*a - 2*d = d + t, 4*a - 30 = 5*d. Suppose 2*i = a*b + 131, 2*i + 0*i + b - 149 = 0. What is the tens digit of i?
7
Suppose 1026 = -5*k + 7*k. What is the hundreds digit of k?
5
Let y(f) = -f**3 - 29*f**2 + 59*f - 66. What is the units digit of y(-31)?
7
Let p(o) = -o**2 + 5*o + 4. Let l be p(5). Suppose -l*r + 178 = -150. What is the units digit of r?
2
Suppose 5*k - 1 + 7 = -3*n, 0 = n + k. Suppose -s - 2*a + 37 = 0, 3*s + n*a + 25 - 145 = 0. What is the units digit of s?
3
Let m(l) = 44*l**2 - 17*l + 135. What is the hundreds digit of m(7)?
1
Suppose 248 + 310 = -6*k. Let n = 133 + k. What is the tens digit of n?
4
Let y be 10/(-4 - 35/(-10)). What is the units digit of ((-744)/20)/(8/y)?
3
Suppose q - 102 + 32 = b, 0 = 3*q + 5*b - 186. What is the units digit of q?
7
Let k = 672 + -1005. Let c = -60 - k. What is the tens digit of (c/(-42))/(2/(-16))?
5
Let s(p) = -p**3 + 23*p**2 + 15*p + 32. What is the hundreds digit of s(17)?
0
Suppose 14*w - 20481 = 2073. What is the units digit of w?
1
Let o be (-1 + (-2)/(-4))*-94. What is the units digit of 114/(-19)*o/(-2)?
1
Suppose 0 = -2*d + b, -4*d + b + 2 = -0. Let z(c) = -3 + c + 8 + d. What is the units digit of z(5)?
1
Suppose 380 + 907 = 11*r. What is the units digit of r?
7
Let d(f) be the third derivative of -f**4/24 + 2*f**3/3 - 5*f**2. Let b be d(-9). Let t = -9 + b. What is the units digit of t?
4
Let d be (-1)/(1 - (1 + (-3)/24)). Let x = 45 + d. What is the units digit of x?
7
Suppose -16*y - 2315 = -21*y. What is the units digit of y?
3
What is the tens digit of (-1166)/(-4) - (-5)/10?
9
What is the tens digit of 16/20 + 7880/25?
1
Let g = -8 + 12. Suppose 4*s = -q + 79, 0 = g*q - 2 + 6. What is the tens digit of s?
2
Let v(g) = -5*g**3 + 15*g**2 - 18*g + 19. Let z(l) = 3*l**3 - 7*l**2 + 9*l - 9. Let w(m) = 2*v(m) + 5*z(m). What is the hundreds digit of w(3)?
1
Suppose 3*d + 73 = 2*a, 2*a + 3*a = -5*d + 170. Let y = a + -34. Suppose -5*k - 5*f + 30 = 0, -5*k = -4*k - 4*f - y. What is the units digit of k?
5
Let p = -890 - -1655. What is the tens digit of p?
6
Let u(q) = q**3 + 11*q**2 + 5*q + 7. What is the units digit of u(-4)?
9
Let y be 3 - 4 - (0 + -4). What is the tens digit of (-3)/(-1) + (28 - y)?
2
Let k(n) = -9 + 1 - 5 + 15*n - 17. What is the units digit of k(11)?
5
Let w = 177 - 33. Suppose 5*u = -w + 39. Let d = u - -43. What is the tens digit of d?
2
Let l(z) = 9*z - 34. Let h(y) = -y - 1. Let c(p) = 3*h(p) + l(p). What is the tens digit of c(19)?
7
Let v be 2 - (2 - (1 - -1)). Let h = 29 - -19. Suppose k - h = -v*k. What is the tens digit of k?
1
Let a = -86 - -156. Let m = a - -129. What is the hundreds digit of m?
1
Let n(g) = 26*g**2 + 21*g + 61. What is the tens digit of n(-10)?
5
Suppose -4*u + 2*u = 46. Let m = -22 - u. What is the units digit of (-4 - (m + -34)) + 1?
0
Let k be 93*(4 + (-26)/6). Suppose d = 5*d - 208. Let w = d + k. What is the tens digit of w?
2
Let n = -228 - -357. Let q be ((-2)/(-3))/(18/1377). Suppose -n - q = -3*h. What is the tens digit of h?
6
Suppose d = -4*d + 10. Suppose -d = -l - 0. What is the units digit of l/(1 + -3)*-6?
6
Let l(o) = 2*o**2 + 6*o - 1. Let z be l(-9). Suppose -278 = 5*y + z. Let q = -31 - y. What is the units digit of q?
6
Let x be (-2 + 2 + -4)*-1. Suppose -x*i = -4 - 8. What is the units digit of i + (-12)/4 + 17?
7
Let o(z) be the second derivative of -z**4/12 + 2*z**3/3 + 2*z**2 + z. Let x be o(4). Suppose x + 14 = 3*k. What is the units digit of k?
6
Let n(a) = 5*a**2 - 3*a - 2. Let x be n(4). Let t be (1 - 0) + x + 1. Suppose -r - t = -5*r. What is the tens digit of r?
1
Let f(r) = -21*r - 55. Let s be f(-11). Suppose -s + 776 = 5*b. What is the tens digit of b?
2
Let o be (-1)/((-2 - 2)/12). Suppose -o*t + 33 = -9. What is the units digit of t?
4
What is the hundreds digit of 4231/5 - 4/(-5)?
8
Suppose -7*k - 5*k = -2760. What is the tens digit of k?
3
Suppose -4*d + 2*x + 3904 = 0, 2*d - 1365 = -x + 579. What is the tens digit of d?
7
Let w = 5108 + -3312. What is the tens digit of w?
9
Suppose -5*a = -5*h + 160, -5*a + 2*h - 7*h = 130. Let f = -5 - a. What is the tens digit of f?
2
Let m(x) = -x + 3*x**2 - 3*x - 2*x**2 + 8 - 2*x. What is the units digit of m(6)?
8
Suppose -44*d = -22*d - 52624. What is the units digit of d?
2
Suppose m - 1202 = 310. What is the thousands digit of m?
1
Suppose 30*c - 1920 = 27*c. What is the units digit of c/6 + (-46)/69?
6
Let v(g) be the third derivative of -g**6/120 + g**4/12 - g**3/6 + g**2. Let r be v(-2). Suppose 8*n = r*n + 90. What is the tens digit of n?
1
Let l(j) = 428*j**2 - 10*j - 15. What is the thousands digit of l(-2)?
1
Let b be -1*1 + 5/1. Suppose 5*x - b*j - 127 = 0, -48 = -2*x - 0*j + 3*j. What is the tens digit of x?
2
Let m(p) = -26*p**3 - 10*p**2 - 24*p + 14. What is the hundreds digit of m(-4)?
6
Suppose d = -w + 1744, 33*d - 3486 = 31*d - 3*w. What is the tens digit of d?
4
Let f(y) be the first derivative of -y**3/3 + 7*y**2/2 + 7*y - 4. Let t be f(8). What is the units digit of t - (-4)/1*1?
3
Let o(s) = -s**2 + 10*s + 3. Let b be o(10). Suppose b*k - 6*t = -2*t + 87, 2*k - 54 = 4*t. What is the tens digit of k?
3
Suppose 5*f - 5*p - 178 = 217, 0 = 3*f - p - 243. Suppose -5*g - 2*q = -6*q - 128, 5*q + f = 3*g. What is the units digit of g?
4
Let v(c) = -140*c + 49. What is the hundreds digit of v(-6)?
8
Suppose 12*r - 10*r - 10 = 0. Suppose r*v + 4*u - 640 = -u, 2*v - 3*u - 246 = 0. What is the tens digit of v?
2
Let n be (-1359)/21 + 2/(-7). Let j = n + 91. What is the tens digit of j?
2
Suppose -2717 + 603 = -7*g. What is the hundreds digit of g?
3
Suppose -3*q + 5*y + 2045 - 209 = 0, -3094 = -5*q - 3*y. What is the tens digit of q?
1
Suppose 3*k - 2625 = -4*k. Suppose k = 5*l - 560. What